{"id":40,"date":"2018-10-22T14:03:24","date_gmt":"2018-10-22T12:03:24","guid":{"rendered":"http:\/\/173.249.36.217:82\/?page_id=40"},"modified":"2018-11-25T19:42:23","modified_gmt":"2018-11-25T18:42:23","slug":"die-chorprobe","status":"publish","type":"page","link":"https:\/\/kantorei-an-der-melanchthonkirche.de\/index.php\/startseite\/die-chorprobe\/","title":{"rendered":"Die Chorprobe"},"content":{"rendered":"<div id=\"c57\" class=\"csc-default\">\n<div class=\"csc-header csc-header-n1\">\n<h1 class=\"csc-firstHeader\">Die Chorprobe<\/h1>\n<\/div>\n<\/div>\n<div id=\"c5\" class=\"csc-default\">\n<p class=\"bodytext\">\nUnsere Chorprobe findet einmal pro Woche donnerstags von 19:30 bis 21:30 Uhr in der Melanchthonkirche Bochum, K\u00f6nigsallee 46 statt. Sie beginnt mit einem differenzierten Einsingen. In Phasen der intensiven Konzertvorbereitung kommen Proben in Stimmgruppen hinzu. Ein langfristiger Probenplan wird in regelm\u00e4\u00dfigen Abst\u00e4nden erstellt.<\/p>\n<p class=\"bodytext\">Die Chorprobe ist charakterisiert durch konzentriertes Arbeiten an den Werken. Dennoch ist die Atmosph\u00e4re locker, der Umgang miteinander sehr pers\u00f6nlich.<\/p>\n<p class=\"bodytext\">Nach der Probe besteht die M\u00f6glichkeit, den Abend in einer Pizzeria \u201azwei Stra\u00dfen weiter\u2019 gem\u00fctlich ausklingen zu lassen. Viel Spa\u00df ist garantiert.<\/p>\n<\/div>\n<div id=\"c4\" class=\"csc-default\">\n<div class=\"csc-header csc-header-n3\">\n<h2>Probenwochenenden<\/h2>\n<\/div>\n<p class=\"bodytext\">Mindestens einmal pro Jahr findet ein Probenwochenende oder ein Chortag statt, meist in einem Tagungshaus in der n\u00e4heren Umgebung. In dieser Zeit steht die Vertiefung der musikalischen Gestaltung im Vordergrund. Hinzu kommen theoretische Einf\u00fchrungen zu den Werken und stimmbildnerisches Arbeiten in den Stimmgruppen. Jedes Chorwochenende ist ein besonderes Erlebnis und vertieft nebenbei die Kontakte untereinander.<\/p>\n<\/div>\n","protected":false},"excerpt":{"rendered":"<p>Die Chorprobe Unsere Chorprobe findet einmal pro Woche donnerstags von 19:30 bis 21:30 Uhr in der Melanchthonkirche Bochum, K\u00f6nigsallee 46 statt. Sie beginnt mit einem differenzierten Einsingen. In Phasen der intensiven Konzertvorbereitung kommen Proben in Stimmgruppen hinzu. Ein langfristiger Probenplan wird in regelm\u00e4\u00dfigen Abst\u00e4nden erstellt. Die Chorprobe ist charakterisiert durch konzentriertes Arbeiten an den Werken. &hellip; <\/p>\n<p><a class=\"more-link btn\" href=\"https:\/\/kantorei-an-der-melanchthonkirche.de\/index.php\/startseite\/die-chorprobe\/\">Weiterlesen<\/a><\/p>\n","protected":false},"author":1,"featured_media":0,"parent":18,"menu_order":0,"comment_status":"closed","ping_status":"closed","template":"","meta":{"footnotes":""},"class_list":["post-40","page","type-page","status-publish","hentry","nodate","item-wrap"],"_links":{"self":[{"href":"https:\/\/kantorei-an-der-melanchthonkirche.de\/index.php\/wp-json\/wp\/v2\/pages\/40","targetHints":{"allow":["GET"]}}],"collection":[{"href":"https:\/\/kantorei-an-der-melanchthonkirche.de\/index.php\/wp-json\/wp\/v2\/pages"}],"about":[{"href":"https:\/\/kantorei-an-der-melanchthonkirche.de\/index.php\/wp-json\/wp\/v2\/types\/page"}],"author":[{"embeddable":true,"href":"https:\/\/kantorei-an-der-melanchthonkirche.de\/index.php\/wp-json\/wp\/v2\/users\/1"}],"replies":[{"embeddable":true,"href":"https:\/\/kantorei-an-der-melanchthonkirche.de\/index.php\/wp-json\/wp\/v2\/comments?post=40"}],"version-history":[{"count":7,"href":"https:\/\/kantorei-an-der-melanchthonkirche.de\/index.php\/wp-json\/wp\/v2\/pages\/40\/revisions"}],"predecessor-version":[{"id":128,"href":"https:\/\/kantorei-an-der-melanchthonkirche.de\/index.php\/wp-json\/wp\/v2\/pages\/40\/revisions\/128"}],"up":[{"embeddable":true,"href":"https:\/\/kantorei-an-der-melanchthonkirche.de\/index.php\/wp-json\/wp\/v2\/pages\/18"}],"wp:attachment":[{"href":"https:\/\/kantorei-an-der-melanchthonkirche.de\/index.php\/wp-json\/wp\/v2\/media?parent=40"}],"curies":[{"name":"wp","href":"https:\/\/api.w.org\/{rel}","templated":true}]}}